 480.
55
Calculate the remainder when 352630 is divided by 88089.
274
What is the remainder when 864355 is divided by 50841?
58
What is the remainder when 107959 is divided by 26180?
3239
Calculate the remainder when 538 is divided by 89.
4
What is the remainder when 1554632 is divided by 7543?
774
What is the remainder when 2403289 is divided by 5116?
3885
What is the remainder when 361422381 is divided by 24?
21
Calculate the remainder when 219695 is divided by 5133.
4109
Calculate the remainder when 7383 is divided by 6435.
948
What is the remainder when 64191 is divided by 32082?
27
What is the remainder when 296100121 is divided by 433?
432
Calculate the remainder when 25163 is divided by 1934.
21
Calculate the remainder when 91109 is divided by 2939.
0
What is the remainder when 268706 is divided by 11899?
6928
What is the remainder when 533756663 is divided by 9576?
9575
What is the remainder when 9049351 is divided by 116017?
25
What is the remainder when 2031010 is divided by 5445?
25
Calculate the remainder when 3300037 is divided by 1649985.
67
What is the remainder when 611220 is divided by 56?
36
Calculate the remainder when 12768537 is divided by 99754.
25
Calculate the remainder when 253556 is divided by 6080.
4276
Calculate the remainder when 1196553 is divided by 52.
33
What is the remainder when 137618 is divided by 10?
8
What is the remainder when 1237933165 is divided by 4726?
4725
Calculate the remainder when 3298194 is divided by 920.
914
What is the remainder when 6753160 is divided by 78525?
10
Calculate the remainder when 729162 is divided by 242903.
453
What is the remainder when 12322257 is divided by 190?
187
What is the remainder when 3357441 is divided by 1073?
24
Calculate the remainder when 300502 is divided by 174.
4
What is the remainder when 138287 is divided by 16439?
6775
Calculate the remainder when 1812062 is divided by 133.
70
What is the remainder when 422631 is divided by 1054?
1031
Calculate the remainder when 37547685 is divided by 4178.
4177
What is the remainder when 203482 is divided by 101701?
80
Calculate the remainder when 161068 is divided by 4882.
4844
Calculate the remainder when 3735592 is divided by 3424.
8
Calculate the remainder when 22424 is divided by 2574.
1832
What is the remainder when 201296 is divided by 249?
104
What is the remainder when 146683 is divided by 7?
5
Calculate the remainder when 68843513 is divided by 2373914.
7
Calculate the remainder when 3380118 is divided by 67.
35
What is the remainder when 966857 is divided by 322284?
5
Calculate the remainder when 1934578 is divided by 64.
50
What is the remainder when 173676 is divided by 86768?
140
Calculate the remainder when 9746 is divided by 166.
118
Calculate the remainder when 4093228 is divided by 248.
236
What is the remainder when 585021 is divided by 450?
21
Calculate the remainder when 128322482 is divided by 5623.
5622
What is the remainder when 733914 is divided by 122045?
1644
Calculate the remainder when 1570335 is divided by 2731.
10
Calculate the remainder when 1184746 is divided by 1184702.
44
Calculate the remainder when 213948860 is divided by 432.
428
Calculate the remainder when 989996 is divided by 989801.
195
What is the remainder when 30108 is divided by 202?
10
What is the remainder when 122128 is divided by 4581?
3022
Calculate the remainder when 48909235 is divided by 562175.
10
Calculate the remainder when 5379067 is divided by 64.
59
What is the remainder when 1254 is divided by 518?
218
What is the remainder when 222932837 is divided by 141?
134
What is the remainder when 25365577 is divided by 3470?
3347
Calculate the remainder when 371356 is divided by 185656.
44
Calculate the remainder when 28905669 is divided by 195.
39
What is the remainder when 387752586 is divided by 133?
130
What is the remainder when 3033195 is divided by 2534?
2531
What is the remainder when 953096 is divided by 173?
39
Calculate the remainder when 420388 is divided by 18270.
178
What is the remainder when 123512046 is divided by 2224?
2206
What is the remainder when 130984630 is divided by 19?
17
Calculate the remainder when 2114370 is divided by 407.
5
What is the remainder when 104533 is divided by 10452?
13
Calculate the remainder when 2585498 is divided by 66.
14
What is the remainder when 14650964 is divided by 23707?
38
What is the remainder when 153175 is divided by 38280?
55
What is the remainder when 8022271 is divided by 447?
409
Calculate the remainder when 7427480 is divided by 1019.
1008
What is the remainder when 61836408 is divided by 21?
18
What is the remainder when 476751 is divided by 158296?
1863
Calculate the remainder when 382429798 is divided by 1800.
1798
Calculate the remainder when 3916165 is divided by 38.
37
Calculate the remainder when 63479 is divided by 352.
119
What is the remainder when 8062107 is divided by 351?
339
Calculate the remainder when 12562710 is divided by 1031.
1006
Calculate the remainder when 3128850 is divided by 4032.
18
What is the remainder when 418584 is divided by 58?
56
Calculate the remainder when 1094535 is divided by 27363.
15
Calculate the remainder when 1605862 is divided by 107053.
67
What is the remainder when 3415701 is divided by 1092?
1017
Calculate the remainder when 13207494 is divided by 634.
6
Calculate the remainder when 367705833 is divided by 18.
15
What is the remainder when 145788031 is divided by 16198666?
37
Calculate the remainder when 2154644 is divided by 2378.
176
Calculate the remainder when 517307 is divided by 172416.
59
What is the remainder when 2877887 is divided by 91?
12
Calculate the remainder when 8086657 is divided by 3149.
25
Calculate the remainder when 888002 is divided by 2277.
2249
What is the remainder when 8088209 is divided by 1617631?
54
What is the remainder when 9474353 is divided by 1853?
1817
Calculate the remainder when 211587 is divided by 10145.
8687
What is the remainder when 216123479 is divided by 2166?
2165
Calculate the remainder when 98252748 is divided by 50.
48
Calculate the remainder when 159940 is divided by 39931.
216
Calculate the remainder when 1571160 is divided by 526.
524
Calculate the remainder when 4425460 is divided by 8256.
244
Calculate the remainder when 54391207 is divided by 43.
34
What is the remainder when 76423752 is divided by 45983?
6
Calculate the remainder when 211502 is divided by 221.
5
Calculate the remainder when 3953145 is divided by 2370.
2355
What is the remainder when 9937400 is divided by 599?
589
What is the remainder when 45705 is divided by 14558?
2031
What is the remainder when 75263 is divided by 2330?
703
Calculate the remainder when 185723 is divided by 2379.
161
Calculate the remainder when 2520564 is divided by 432.
276
Calculate the remainder when 6168600 is divided by 626.
622
Calculate the remainder when 261997805 is divided by 1594.
1589
What is the remainder when 2477703 is divided by 769?
754
What is the remainder when 30307569 is divided by 622?
619
What is the remainder when 799033 is divided by 399497?
39
What is the remainder when 2677602 is divided by 56970?
12
Calculate the remainder when 60248260 is divided by 202856.
28
Calculate the remainder when 7405240 is divided by 115.
45
What is the remainder when 855827 is divided by 106978?
3
Calculate the remainder when 28855278 is divided by 5118.
5112
What is the remainder when 3228939 is divided by 5276?
27
Calculate the remainder when 22827202 is divided by 171633.
13
Calculate the remainder when 49499 is divided by 24601.
297
Calculate the remainder when 42374 is divided by 883.
873
Calculate the remainder when 950252 is divided by 251.
217
What is the remainder when 15423449 is divided by 14?
13
What is the remainder when 4739083 is divided by 37607?
601
Calculate the remainder when 2364962 is divided by 3909.
17
What is the remainder when 3401355 is divided by 377914?
129
Calculate the remainder when 413158004 is divided by 5021.
5019
What is the remainder when 19030861 is divided by 865?
861
What is the remainder when 2950581 is divided by 27?
21
What is the remainder when 815682 is divided by 7694?
118
Calculate the remainder when 229490 is divided by 3105.
2825
What is the remainder when 336